{"id":7,"date":"2023-08-22T19:47:24","date_gmt":"2023-08-22T22:47:24","guid":{"rendered":"https:\/\/ipesambiental.com\/?page_id=7"},"modified":"2024-04-17T16:07:09","modified_gmt":"2024-04-17T19:07:09","slug":"home","status":"publish","type":"page","link":"https:\/\/ipesambiental.com\/","title":{"rendered":"HOME"},"content":{"rendered":"\t\t<div data-elementor-type=\"wp-post\" data-elementor-id=\"7\" class=\"elementor elementor-7\" data-elementor-post-type=\"page\">\n\t\t\t\t<div class=\"elementor-element elementor-element-6379133 e-flex e-con-boxed e-con e-parent\" data-id=\"6379133\" data-element_type=\"container\" data-settings=\"{&quot;background_background&quot;:&quot;classic&quot;}\">\n\t\t\t\t\t<div class=\"e-con-inner\">\n\t\t\t\t<div class=\"elementor-element elementor-element-2a6f5d4 elementor-widget elementor-widget-heading\" data-id=\"2a6f5d4\" data-element_type=\"widget\" data-widget_type=\"heading.default\">\n\t\t\t\t<div class=\"elementor-widget-container\">\n\t\t\t<h2 class=\"elementor-heading-title elementor-size-default\">Conhe\u00e7a a Ip\u00eas Ambiental!<\/h2>\t\t<\/div>\n\t\t\t\t<\/div>\n\t\t\t\t<div class=\"elementor-element elementor-element-44d929e elementor-widget elementor-widget-heading\" data-id=\"44d929e\" data-element_type=\"widget\" data-widget_type=\"heading.default\">\n\t\t\t\t<div class=\"elementor-widget-container\">\n\t\t\t<h2 class=\"elementor-heading-title elementor-size-default\">Protegendo e salvando a natureza de Leopoldina.<\/h2>\t\t<\/div>\n\t\t\t\t<\/div>\n\t\t\t\t\t<\/div>\n\t\t\t\t<\/div>\n\t\t<div class=\"elementor-element elementor-element-9a89328 e-flex e-con-boxed e-con e-parent\" data-id=\"9a89328\" data-element_type=\"container\">\n\t\t\t\t\t<div class=\"e-con-inner\">\n\t\t\t\t<div class=\"elementor-element elementor-element-f6b51c8 elementor-widget elementor-widget-heading\" data-id=\"f6b51c8\" data-element_type=\"widget\" data-widget_type=\"heading.default\">\n\t\t\t\t<div class=\"elementor-widget-container\">\n\t\t\t<h2 class=\"elementor-heading-title elementor-size-default\">A Associa\u00e7\u00e3o<\/h2>\t\t<\/div>\n\t\t\t\t<\/div>\n\t\t\t\t<div class=\"elementor-element elementor-element-c295ba7 elementor-widget elementor-widget-text-editor\" data-id=\"c295ba7\" data-element_type=\"widget\" data-widget_type=\"text-editor.default\">\n\t\t\t\t<div class=\"elementor-widget-container\">\n\t\t\t\t\t\t\t<p>Fundada em 12 de abril de 2023, a IP\u00caS AMBIENTAL \u00e9 uma Associa\u00e7\u00e3o civil de direito privado, sem fins lucrativos, cujo objetivo \u00e9 promover a\u00e7\u00f5es de sustentabilidade ambiental em Leopoldina e regi\u00e3o. Para isso, a Entidade desenvolve e implementa programas, projetos e atividades, em parcerias com o poder p\u00fablico e entidades paraestatais e privadas, visando o uso racional dos recursos naturais, a conserva\u00e7\u00e3o e preserva\u00e7\u00e3o dos biomas e da biodiversidade, o est\u00edmulo \u00e0 reciclagem e reuso dos res\u00edduos s\u00f3lidos, a seguran\u00e7a h\u00eddrica e a educa\u00e7\u00e3o ambiental.<\/p>\t\t\t\t\t\t<\/div>\n\t\t\t\t<\/div>\n\t\t\t\t<div class=\"elementor-element elementor-element-7dc8b60 elementor-widget elementor-widget-button\" data-id=\"7dc8b60\" data-element_type=\"widget\" data-widget_type=\"button.default\">\n\t\t\t\t<div class=\"elementor-widget-container\">\n\t\t\t\t\t\t\t<div class=\"elementor-button-wrapper\">\n\t\t\t\t\t<a class=\"elementor-button elementor-button-link elementor-size-sm\" href=\"https:\/\/ipesambiental.com\/wp-content\/uploads\/2024\/04\/ESTATUTO-IPES.pdf\" dowload=\"\">\n\t\t\t\t\t\t<span class=\"elementor-button-content-wrapper\">\n\t\t\t\t\t\t\t\t\t<span class=\"elementor-button-text\">Estatuto Social<\/span>\n\t\t\t\t\t<\/span>\n\t\t\t\t\t<\/a>\n\t\t\t\t<\/div>\n\t\t\t\t\t\t<\/div>\n\t\t\t\t<\/div>\n\t\t\t\t<div class=\"elementor-element elementor-element-508db53 elementor-pagination-position-outside elementor-widget elementor-widget-image-carousel\" data-id=\"508db53\" data-element_type=\"widget\" data-settings=\"{&quot;navigation&quot;:&quot;dots&quot;,&quot;autoplay&quot;:&quot;yes&quot;,&quot;pause_on_hover&quot;:&quot;yes&quot;,&quot;pause_on_interaction&quot;:&quot;yes&quot;,&quot;autoplay_speed&quot;:5000,&quot;infinite&quot;:&quot;yes&quot;,&quot;speed&quot;:500}\" data-widget_type=\"image-carousel.default\">\n\t\t\t\t<div class=\"elementor-widget-container\">\n\t\t\t\t\t<div class=\"elementor-image-carousel-wrapper swiper\" dir=\"ltr\">\n\t\t\t<div class=\"elementor-image-carousel swiper-wrapper\" aria-live=\"off\">\n\t\t\t\t\t\t\t\t<div class=\"swiper-slide\" role=\"group\" aria-roledescription=\"slide\" aria-label=\"1 of 7\"><figure class=\"swiper-slide-inner\"><img decoding=\"async\" class=\"swiper-slide-image\" src=\"https:\/\/ipesambiental.com\/wp-content\/uploads\/2023\/11\/Roberto-150x150.jpg\" alt=\"Roberto\" \/><figcaption class=\"elementor-image-carousel-caption\">Roberto<\/figcaption><\/figure><\/div><div class=\"swiper-slide\" role=\"group\" aria-roledescription=\"slide\" aria-label=\"2 of 7\"><figure class=\"swiper-slide-inner\"><img decoding=\"async\" class=\"swiper-slide-image\" src=\"https:\/\/ipesambiental.com\/wp-content\/uploads\/2023\/11\/Helenice-150x150.jpg\" alt=\"Helenice\" \/><figcaption class=\"elementor-image-carousel-caption\">Helenice<\/figcaption><\/figure><\/div><div class=\"swiper-slide\" role=\"group\" aria-roledescription=\"slide\" aria-label=\"3 of 7\"><figure class=\"swiper-slide-inner\"><img decoding=\"async\" class=\"swiper-slide-image\" src=\"https:\/\/ipesambiental.com\/wp-content\/uploads\/2023\/11\/Patricia-150x150.jpg\" alt=\"Patricia\" \/><figcaption class=\"elementor-image-carousel-caption\">Patricia<\/figcaption><\/figure><\/div><div class=\"swiper-slide\" role=\"group\" aria-roledescription=\"slide\" aria-label=\"4 of 7\"><figure class=\"swiper-slide-inner\"><img decoding=\"async\" class=\"swiper-slide-image\" src=\"https:\/\/ipesambiental.com\/wp-content\/uploads\/2023\/11\/Begma-150x150.jpg\" alt=\"Begma\" \/><figcaption class=\"elementor-image-carousel-caption\">Begma<\/figcaption><\/figure><\/div><div class=\"swiper-slide\" role=\"group\" aria-roledescription=\"slide\" aria-label=\"5 of 7\"><figure class=\"swiper-slide-inner\"><img decoding=\"async\" class=\"swiper-slide-image\" src=\"https:\/\/ipesambiental.com\/wp-content\/uploads\/2023\/11\/Maria-Aparecida-e1700498856964-150x150.jpg\" alt=\"Maria Aparecida\" \/><figcaption class=\"elementor-image-carousel-caption\">Maria Aparecida<\/figcaption><\/figure><\/div><div class=\"swiper-slide\" role=\"group\" aria-roledescription=\"slide\" aria-label=\"6 of 7\"><figure class=\"swiper-slide-inner\"><img decoding=\"async\" class=\"swiper-slide-image\" src=\"https:\/\/ipesambiental.com\/wp-content\/uploads\/2023\/11\/Jose-Gabriel-150x150.jpg\" alt=\"Jos\u00e9 Gabriel\" \/><figcaption class=\"elementor-image-carousel-caption\">Jos\u00e9 Gabriel<\/figcaption><\/figure><\/div><div class=\"swiper-slide\" role=\"group\" aria-roledescription=\"slide\" aria-label=\"7 of 7\"><figure class=\"swiper-slide-inner\"><img decoding=\"async\" class=\"swiper-slide-image\" src=\"https:\/\/ipesambiental.com\/wp-content\/uploads\/2023\/11\/Jaime-150x150.jpg\" alt=\"Jaime\" \/><figcaption class=\"elementor-image-carousel-caption\">Jaime<\/figcaption><\/figure><\/div>\t\t\t<\/div>\n\t\t\t\t\t\t\t\n\t\t\t\t\t\t\t\t\t<div class=\"swiper-pagination\"><\/div>\n\t\t\t\t\t\t\t\t\t<\/div>\n\t\t\t\t<\/div>\n\t\t\t\t<\/div>\n\t\t\t\t\t<\/div>\n\t\t\t\t<\/div>\n\t\t<div class=\"elementor-element elementor-element-455dbc7 e-flex e-con-boxed e-con e-parent\" data-id=\"455dbc7\" data-element_type=\"container\" data-settings=\"{&quot;background_background&quot;:&quot;slideshow&quot;,&quot;background_slideshow_gallery&quot;:[{&quot;id&quot;:55,&quot;url&quot;:&quot;https:\\\/\\\/ipesambiental.com\\\/wp-content\\\/uploads\\\/2023\\\/08\\\/pilares-de-atuacao_atualizacao_page-0001-scaled.jpg&quot;}],&quot;background_slideshow_slide_duration&quot;:5000,&quot;background_slideshow_slide_transition&quot;:&quot;fade&quot;,&quot;background_slideshow_transition_duration&quot;:500}\">\n\t\t\t\t\t<div class=\"e-con-inner\">\n\t\t\t\t\t<\/div>\n\t\t\t\t<\/div>\n\t\t<div class=\"elementor-element elementor-element-45c4836 e-con-full e-flex e-con e-parent\" data-id=\"45c4836\" data-element_type=\"container\" data-settings=\"{&quot;background_background&quot;:&quot;classic&quot;}\">\n\t\t<div class=\"elementor-element elementor-element-3eed04b e-flex e-con-boxed e-con e-child\" data-id=\"3eed04b\" data-element_type=\"container\">\n\t\t\t\t\t<div class=\"e-con-inner\">\n\t\t\t\t<div class=\"elementor-element elementor-element-538c9bb elementor-widget__width-initial elementor-widget-mobile__width-initial elementor-widget elementor-widget-image\" data-id=\"538c9bb\" data-element_type=\"widget\" data-widget_type=\"image.default\">\n\t\t\t\t<div class=\"elementor-widget-container\">\n\t\t\t\t\t\t\t\t\t\t\t\t\t<img fetchpriority=\"high\" decoding=\"async\" width=\"942\" height=\"476\" src=\"https:\/\/ipesambiental.com\/wp-content\/uploads\/2023\/08\/Arvore-1.png\" class=\"attachment-full size-full wp-image-57\" alt=\"\" srcset=\"https:\/\/ipesambiental.com\/wp-content\/uploads\/2023\/08\/Arvore-1.png 942w, https:\/\/ipesambiental.com\/wp-content\/uploads\/2023\/08\/Arvore-1-300x152.png 300w, https:\/\/ipesambiental.com\/wp-content\/uploads\/2023\/08\/Arvore-1-768x388.png 768w\" sizes=\"(max-width: 942px) 100vw, 942px\" \/>\t\t\t\t\t\t\t\t\t\t\t\t\t<\/div>\n\t\t\t\t<\/div>\n\t\t<div class=\"elementor-element elementor-element-d6ca19f e-flex e-con-boxed e-con e-child\" data-id=\"d6ca19f\" data-element_type=\"container\" data-settings=\"{&quot;background_background&quot;:&quot;classic&quot;}\">\n\t\t\t\t\t<div class=\"e-con-inner\">\n\t\t\t\t<div class=\"elementor-element elementor-element-8f08f59 elementor-widget elementor-widget-heading\" data-id=\"8f08f59\" data-element_type=\"widget\" data-widget_type=\"heading.default\">\n\t\t\t\t<div class=\"elementor-widget-container\">\n\t\t\t<h2 class=\"elementor-heading-title elementor-size-default\">Conhe\u00e7a nossos Projetos!<\/h2>\t\t<\/div>\n\t\t\t\t<\/div>\n\t\t\t\t<div class=\"elementor-element elementor-element-0b13279 elementor-widget elementor-widget-button\" data-id=\"0b13279\" data-element_type=\"widget\" data-widget_type=\"button.default\">\n\t\t\t\t<div class=\"elementor-widget-container\">\n\t\t\t\t\t\t\t<div class=\"elementor-button-wrapper\">\n\t\t\t\t\t<a class=\"elementor-button elementor-button-link elementor-size-sm\" href=\"#\">\n\t\t\t\t\t\t<span class=\"elementor-button-content-wrapper\">\n\t\t\t\t\t\t\t\t\t<span class=\"elementor-button-text\">Saiba mais<\/span>\n\t\t\t\t\t<\/span>\n\t\t\t\t\t<\/a>\n\t\t\t\t<\/div>\n\t\t\t\t\t\t<\/div>\n\t\t\t\t<\/div>\n\t\t\t\t\t<\/div>\n\t\t\t\t<\/div>\n\t\t\t\t\t<\/div>\n\t\t\t\t<\/div>\n\t\t<div class=\"elementor-element elementor-element-cc6ca92 e-flex e-con-boxed e-con e-child\" data-id=\"cc6ca92\" data-element_type=\"container\">\n\t\t\t\t\t<div class=\"e-con-inner\">\n\t\t<div class=\"elementor-element elementor-element-7fcb167 e-flex e-con-boxed e-con e-child\" data-id=\"7fcb167\" data-element_type=\"container\" data-settings=\"{&quot;background_background&quot;:&quot;classic&quot;}\">\n\t\t\t\t\t<div class=\"e-con-inner\">\n\t\t\t\t<div class=\"elementor-element elementor-element-0c98c0d elementor-widget elementor-widget-heading\" data-id=\"0c98c0d\" data-element_type=\"widget\" data-widget_type=\"heading.default\">\n\t\t\t\t<div class=\"elementor-widget-container\">\n\t\t\t<h2 class=\"elementor-heading-title elementor-size-default\">Visite nosso Blog!<\/h2>\t\t<\/div>\n\t\t\t\t<\/div>\n\t\t\t\t<div class=\"elementor-element elementor-element-7a48058 elementor-widget elementor-widget-button\" data-id=\"7a48058\" data-element_type=\"widget\" data-widget_type=\"button.default\">\n\t\t\t\t<div class=\"elementor-widget-container\">\n\t\t\t\t\t\t\t<div class=\"elementor-button-wrapper\">\n\t\t\t\t\t<a class=\"elementor-button elementor-button-link elementor-size-sm\" href=\"#\">\n\t\t\t\t\t\t<span class=\"elementor-button-content-wrapper\">\n\t\t\t\t\t\t\t\t\t<span class=\"elementor-button-text\">Saiba mais<\/span>\n\t\t\t\t\t<\/span>\n\t\t\t\t\t<\/a>\n\t\t\t\t<\/div>\n\t\t\t\t\t\t<\/div>\n\t\t\t\t<\/div>\n\t\t\t\t\t<\/div>\n\t\t\t\t<\/div>\n\t\t\t\t<div class=\"elementor-element elementor-element-4ec5c9e elementor-widget__width-initial elementor-widget-mobile__width-initial elementor-widget elementor-widget-image\" data-id=\"4ec5c9e\" data-element_type=\"widget\" data-widget_type=\"image.default\">\n\t\t\t\t<div class=\"elementor-widget-container\">\n\t\t\t\t\t\t\t\t\t\t\t\t\t<img decoding=\"async\" width=\"978\" height=\"478\" src=\"https:\/\/ipesambiental.com\/wp-content\/uploads\/2023\/08\/Arvore-2.png\" class=\"attachment-full size-full wp-image-58\" alt=\"\" srcset=\"https:\/\/ipesambiental.com\/wp-content\/uploads\/2023\/08\/Arvore-2.png 978w, https:\/\/ipesambiental.com\/wp-content\/uploads\/2023\/08\/Arvore-2-300x147.png 300w, https:\/\/ipesambiental.com\/wp-content\/uploads\/2023\/08\/Arvore-2-768x375.png 768w\" sizes=\"(max-width: 978px) 100vw, 978px\" \/>\t\t\t\t\t\t\t\t\t\t\t\t\t<\/div>\n\t\t\t\t<\/div>\n\t\t\t\t\t<\/div>\n\t\t\t\t<\/div>\n\t\t\t\t<\/div>\n\t\t<div class=\"elementor-element elementor-element-0f01709 e-con-full e-flex e-con e-parent\" data-id=\"0f01709\" data-element_type=\"container\" data-settings=\"{&quot;background_background&quot;:&quot;classic&quot;}\">\n\t\t\t\t<div class=\"elementor-element elementor-element-19c878f elementor-widget elementor-widget-heading\" data-id=\"19c878f\" data-element_type=\"widget\" data-widget_type=\"heading.default\">\n\t\t\t\t<div class=\"elementor-widget-container\">\n\t\t\t<h2 class=\"elementor-heading-title elementor-size-default\">Apoiadores<\/h2>\t\t<\/div>\n\t\t\t\t<\/div>\n\t\t\t\t<div class=\"elementor-element elementor-element-718c1d5 elementor-widget elementor-widget-heading\" data-id=\"718c1d5\" data-element_type=\"widget\" data-widget_type=\"heading.default\">\n\t\t\t\t<div class=\"elementor-widget-container\">\n\t\t\t<h2 class=\"elementor-heading-title elementor-size-default\">Conhe\u00e7a quem acredita na gente<\/h2>\t\t<\/div>\n\t\t\t\t<\/div>\n\t\t\t\t<\/div>\n\t\t\t\t<\/div>\n\t\t","protected":false},"excerpt":{"rendered":"<p>Conhe\u00e7a a Ip\u00eas Ambiental! Protegendo e salvando a natureza de Leopoldina. A Associa\u00e7\u00e3o Fundada em 12 de abril de 2023, a IP\u00caS AMBIENTAL \u00e9 uma Associa\u00e7\u00e3o civil de direito privado, sem fins lucrativos, cujo objetivo \u00e9 promover a\u00e7\u00f5es de sustentabilidade ambiental em Leopoldina e regi\u00e3o. Para isso, a Entidade desenvolve e implementa programas, projetos e [&hellip;]<\/p>\n","protected":false},"author":1,"featured_media":0,"parent":0,"menu_order":0,"comment_status":"closed","ping_status":"closed","template":"elementor_header_footer","meta":{"footnotes":""},"class_list":["post-7","page","type-page","status-publish","hentry"],"yoast_head":"<!-- This site is optimized with the Yoast SEO plugin v23.9 - https:\/\/yoast.com\/wordpress\/plugins\/seo\/ -->\n<title>HOME - ipesambiental<\/title>\n<meta name=\"robots\" content=\"index, follow, max-snippet:-1, max-image-preview:large, max-video-preview:-1\" \/>\n<link rel=\"canonical\" href=\"https:\/\/ipesambiental.com\/\" \/>\n<meta property=\"og:locale\" content=\"en_US\" \/>\n<meta property=\"og:type\" content=\"article\" \/>\n<meta property=\"og:title\" content=\"HOME - ipesambiental\" \/>\n<meta property=\"og:description\" content=\"Conhe\u00e7a a Ip\u00eas Ambiental! Protegendo e salvando a natureza de Leopoldina. A Associa\u00e7\u00e3o Fundada em 12 de abril de 2023, a IP\u00caS AMBIENTAL \u00e9 uma Associa\u00e7\u00e3o civil de direito privado, sem fins lucrativos, cujo objetivo \u00e9 promover a\u00e7\u00f5es de sustentabilidade ambiental em Leopoldina e regi\u00e3o. Para isso, a Entidade desenvolve e implementa programas, projetos e [&hellip;]\" \/>\n<meta property=\"og:url\" content=\"https:\/\/ipesambiental.com\/\" \/>\n<meta property=\"og:site_name\" content=\"ipesambiental\" \/>\n<meta property=\"article:modified_time\" content=\"2024-04-17T19:07:09+00:00\" \/>\n<meta property=\"og:image\" content=\"https:\/\/ipesambiental.com\/wp-content\/uploads\/2023\/11\/Roberto-150x150.jpg\" \/>\n<meta name=\"twitter:card\" content=\"summary_large_image\" \/>\n<meta name=\"twitter:label1\" content=\"Est. reading time\" \/>\n\t<meta name=\"twitter:data1\" content=\"1 minute\" \/>\n<script type=\"application\/ld+json\" class=\"yoast-schema-graph\">{\"@context\":\"https:\/\/schema.org\",\"@graph\":[{\"@type\":\"WebPage\",\"@id\":\"https:\/\/ipesambiental.com\/\",\"url\":\"https:\/\/ipesambiental.com\/\",\"name\":\"HOME - ipesambiental\",\"isPartOf\":{\"@id\":\"https:\/\/ipesambiental.com\/#website\"},\"primaryImageOfPage\":{\"@id\":\"https:\/\/ipesambiental.com\/#primaryimage\"},\"image\":{\"@id\":\"https:\/\/ipesambiental.com\/#primaryimage\"},\"thumbnailUrl\":\"https:\/\/ipesambiental.com\/wp-content\/uploads\/2023\/11\/Roberto-150x150.jpg\",\"datePublished\":\"2023-08-22T22:47:24+00:00\",\"dateModified\":\"2024-04-17T19:07:09+00:00\",\"breadcrumb\":{\"@id\":\"https:\/\/ipesambiental.com\/#breadcrumb\"},\"inLanguage\":\"en-US\",\"potentialAction\":[{\"@type\":\"ReadAction\",\"target\":[\"https:\/\/ipesambiental.com\/\"]}]},{\"@type\":\"ImageObject\",\"inLanguage\":\"en-US\",\"@id\":\"https:\/\/ipesambiental.com\/#primaryimage\",\"url\":\"https:\/\/ipesambiental.com\/wp-content\/uploads\/2023\/11\/Roberto.jpg\",\"contentUrl\":\"https:\/\/ipesambiental.com\/wp-content\/uploads\/2023\/11\/Roberto.jpg\",\"width\":430,\"height\":499},{\"@type\":\"BreadcrumbList\",\"@id\":\"https:\/\/ipesambiental.com\/#breadcrumb\",\"itemListElement\":[{\"@type\":\"ListItem\",\"position\":1,\"name\":\"Home\",\"item\":\"https:\/\/ipesambiental.com\/\"},{\"@type\":\"ListItem\",\"position\":2,\"name\":\"HOME\"}]},{\"@type\":\"WebSite\",\"@id\":\"https:\/\/ipesambiental.com\/#website\",\"url\":\"https:\/\/ipesambiental.com\/\",\"name\":\"ipesambiental\",\"description\":\"\",\"publisher\":{\"@id\":\"https:\/\/ipesambiental.com\/#organization\"},\"potentialAction\":[{\"@type\":\"SearchAction\",\"target\":{\"@type\":\"EntryPoint\",\"urlTemplate\":\"https:\/\/ipesambiental.com\/?s={search_term_string}\"},\"query-input\":{\"@type\":\"PropertyValueSpecification\",\"valueRequired\":true,\"valueName\":\"search_term_string\"}}],\"inLanguage\":\"en-US\"},{\"@type\":\"Organization\",\"@id\":\"https:\/\/ipesambiental.com\/#organization\",\"name\":\"ipesambiental\",\"url\":\"https:\/\/ipesambiental.com\/\",\"logo\":{\"@type\":\"ImageObject\",\"inLanguage\":\"en-US\",\"@id\":\"https:\/\/ipesambiental.com\/#\/schema\/logo\/image\/\",\"url\":\"https:\/\/ipesambiental.com\/wp-content\/uploads\/2023\/08\/ASSO-IPES.jpg\",\"contentUrl\":\"https:\/\/ipesambiental.com\/wp-content\/uploads\/2023\/08\/ASSO-IPES.jpg\",\"width\":2131,\"height\":2040,\"caption\":\"ipesambiental\"},\"image\":{\"@id\":\"https:\/\/ipesambiental.com\/#\/schema\/logo\/image\/\"}}]}<\/script>\n<!-- \/ Yoast SEO plugin. -->","yoast_head_json":{"title":"HOME - ipesambiental","robots":{"index":"index","follow":"follow","max-snippet":"max-snippet:-1","max-image-preview":"max-image-preview:large","max-video-preview":"max-video-preview:-1"},"canonical":"https:\/\/ipesambiental.com\/","og_locale":"en_US","og_type":"article","og_title":"HOME - ipesambiental","og_description":"Conhe\u00e7a a Ip\u00eas Ambiental! Protegendo e salvando a natureza de Leopoldina. A Associa\u00e7\u00e3o Fundada em 12 de abril de 2023, a IP\u00caS AMBIENTAL \u00e9 uma Associa\u00e7\u00e3o civil de direito privado, sem fins lucrativos, cujo objetivo \u00e9 promover a\u00e7\u00f5es de sustentabilidade ambiental em Leopoldina e regi\u00e3o. Para isso, a Entidade desenvolve e implementa programas, projetos e [&hellip;]","og_url":"https:\/\/ipesambiental.com\/","og_site_name":"ipesambiental","article_modified_time":"2024-04-17T19:07:09+00:00","og_image":[{"url":"https:\/\/ipesambiental.com\/wp-content\/uploads\/2023\/11\/Roberto-150x150.jpg"}],"twitter_card":"summary_large_image","twitter_misc":{"Est. reading time":"1 minute"},"schema":{"@context":"https:\/\/schema.org","@graph":[{"@type":"WebPage","@id":"https:\/\/ipesambiental.com\/","url":"https:\/\/ipesambiental.com\/","name":"HOME - ipesambiental","isPartOf":{"@id":"https:\/\/ipesambiental.com\/#website"},"primaryImageOfPage":{"@id":"https:\/\/ipesambiental.com\/#primaryimage"},"image":{"@id":"https:\/\/ipesambiental.com\/#primaryimage"},"thumbnailUrl":"https:\/\/ipesambiental.com\/wp-content\/uploads\/2023\/11\/Roberto-150x150.jpg","datePublished":"2023-08-22T22:47:24+00:00","dateModified":"2024-04-17T19:07:09+00:00","breadcrumb":{"@id":"https:\/\/ipesambiental.com\/#breadcrumb"},"inLanguage":"en-US","potentialAction":[{"@type":"ReadAction","target":["https:\/\/ipesambiental.com\/"]}]},{"@type":"ImageObject","inLanguage":"en-US","@id":"https:\/\/ipesambiental.com\/#primaryimage","url":"https:\/\/ipesambiental.com\/wp-content\/uploads\/2023\/11\/Roberto.jpg","contentUrl":"https:\/\/ipesambiental.com\/wp-content\/uploads\/2023\/11\/Roberto.jpg","width":430,"height":499},{"@type":"BreadcrumbList","@id":"https:\/\/ipesambiental.com\/#breadcrumb","itemListElement":[{"@type":"ListItem","position":1,"name":"Home","item":"https:\/\/ipesambiental.com\/"},{"@type":"ListItem","position":2,"name":"HOME"}]},{"@type":"WebSite","@id":"https:\/\/ipesambiental.com\/#website","url":"https:\/\/ipesambiental.com\/","name":"ipesambiental","description":"","publisher":{"@id":"https:\/\/ipesambiental.com\/#organization"},"potentialAction":[{"@type":"SearchAction","target":{"@type":"EntryPoint","urlTemplate":"https:\/\/ipesambiental.com\/?s={search_term_string}"},"query-input":{"@type":"PropertyValueSpecification","valueRequired":true,"valueName":"search_term_string"}}],"inLanguage":"en-US"},{"@type":"Organization","@id":"https:\/\/ipesambiental.com\/#organization","name":"ipesambiental","url":"https:\/\/ipesambiental.com\/","logo":{"@type":"ImageObject","inLanguage":"en-US","@id":"https:\/\/ipesambiental.com\/#\/schema\/logo\/image\/","url":"https:\/\/ipesambiental.com\/wp-content\/uploads\/2023\/08\/ASSO-IPES.jpg","contentUrl":"https:\/\/ipesambiental.com\/wp-content\/uploads\/2023\/08\/ASSO-IPES.jpg","width":2131,"height":2040,"caption":"ipesambiental"},"image":{"@id":"https:\/\/ipesambiental.com\/#\/schema\/logo\/image\/"}}]}},"_links":{"self":[{"href":"https:\/\/ipesambiental.com\/index.php?rest_route=\/wp\/v2\/pages\/7","targetHints":{"allow":["GET"]}}],"collection":[{"href":"https:\/\/ipesambiental.com\/index.php?rest_route=\/wp\/v2\/pages"}],"about":[{"href":"https:\/\/ipesambiental.com\/index.php?rest_route=\/wp\/v2\/types\/page"}],"author":[{"embeddable":true,"href":"https:\/\/ipesambiental.com\/index.php?rest_route=\/wp\/v2\/users\/1"}],"replies":[{"embeddable":true,"href":"https:\/\/ipesambiental.com\/index.php?rest_route=%2Fwp%2Fv2%2Fcomments&post=7"}],"version-history":[{"count":30,"href":"https:\/\/ipesambiental.com\/index.php?rest_route=\/wp\/v2\/pages\/7\/revisions"}],"predecessor-version":[{"id":234,"href":"https:\/\/ipesambiental.com\/index.php?rest_route=\/wp\/v2\/pages\/7\/revisions\/234"}],"wp:attachment":[{"href":"https:\/\/ipesambiental.com\/index.php?rest_route=%2Fwp%2Fv2%2Fmedia&parent=7"}],"curies":[{"name":"wp","href":"https:\/\/api.w.org\/{rel}","templated":true}]}}